 r = f + -9. Calculate the greatest common divisor of r and 3.
3
Let l be (-2)/(-2) - (-8 + 4 + -90). Let r = 4 + -1. Suppose -5*i + 101 = -r*x, 5*i - x - 40 = 3*i. What is the greatest common divisor of l and i?
19
Suppose 7*d - 2150 + 582 = 0. What is the greatest common factor of 32 and d?
32
Let r be 3/(42/160) + 3/(-7). What is the highest common factor of 22 and r?
11
Let p be -6*(9/6 + 2). Let a be p/(-35) - 54/(-10). Calculate the highest common divisor of a and 4.
2
Suppose -4*o + 39 = -3*w, 0*o - 12 = -2*o + 4*w. What is the highest common factor of o and 156?
12
Let u be (-1)/2*4*-1. Suppose u*o - 528 = -o. Let t be (8/12)/(2/48). Calculate the highest common divisor of o and t.
16
Suppose -5*s + 5 = -3*h, -h - 2*s + 6*s - 4 = 0. Suppose h = 5*y - 20 + 70. Let n be y/(-4)*2/5. Calculate the highest common divisor of n and 8.
1
Suppose 3*r - 6*r - s = -263, 3*s = -r + 85. Calculate the highest common divisor of r and 22.
22
Suppose 3*n = 2*q - 62, 3 = 2*q - 2*n - 63. What is the greatest common divisor of q and 148?
37
Let a(m) = 2*m - 2. Let c = -6 - -10. Let w be a(c). Calculate the greatest common factor of w and 12.
6
Suppose n - 2*t + 44 = 4*n, -2*n + 32 = 2*t. What is the highest common divisor of n and 8?
4
Let d(o) be the second derivative of o**4/12 + 2*o**3/3 + 3*o**2 + 2*o. Let n be d(-6). Calculate the highest common factor of n and 162.
18
Let t be (-12)/9*(-30)/4. Let s(k) = 2*k**2 + 3*k + 5. Let y = -5 - -1. Let w be s(y). What is the highest common factor of t and w?
5
Let j be (-4)/6 - 670/(-6). Suppose j + 21 = 2*l. Suppose 8 = -4*i + 32. Calculate the greatest common divisor of l and i.
6
Let j(r) = r**2 + 4*r + 4. Let h be j(-5). Calculate the highest common factor of h and 9.
9
Suppose 0 = -4*s - t + 103, -3*t = -3*s - s + 123. Calculate the greatest common divisor of 3 and s.
3
Let u(c) = c**2 - c + 1. Let d be u(1). Let a be 3/2*d*12. Let k(w) = 2*w**2 + 4*w + 2. Let m be k(-4). Calculate the highest common factor of a and m.
18
Suppose -1855 = -6*d - 745. What is the highest common divisor of d and 37?
37
Suppose 28 = -2*q + 2*u, 6*u = -2*q + 3*u - 13. Let t be ((-1)/(-3))/(q/(-1089)). What is the greatest common factor of t and 11?
11
Let l(d) = 4*d + 8. Let a be l(11). Let m be (0 + -6)*a/(-3). What is the greatest common factor of 13 and m?
13
Suppose -4*p = -5*p + 15. Calculate the highest common factor of p and 75.
15
Suppose f = 5*o + 18, f + 4*o + 24 = 5*f. Calculate the greatest common factor of 2 and f.
1
Let v(s) = -s**2 - 16*s + 10. Let b be v(-16). Calculate the highest common factor of b and 30.
10
Suppose r + 18 = -r - 4*k, -4*r - 21 = 5*k. Let x(t) = -9*t - 2. Let j be x(-3). Suppose 15 + j = 5*u. What is the highest common factor of u and r?
1
Suppose -2*d + 3*d - 65 = 0. What is the greatest common factor of d and 26?
13
Let i = -43 - -70. What is the greatest common divisor of i and 54?
27
Let q = -36 + 54. Let o = 33 + q. What is the greatest common factor of 17 and o?
17
Let q(x) = x**2 + 2*x - 4. Let k be q(-4). Let m = 1 - 11. Let w = m - -26. Calculate the highest common factor of w and k.
4
Let a = -85 - -60. Let d be (11 - 0)/((-1)/a). Calculate the highest common factor of 25 and d.
25
Let d(a) = a**3 + 11*a**2 - 15*a + 6. Let t be d(-12). Calculate the greatest common factor of t and 14.
14
Let g be (132/77)/(2/28*2). Calculate the highest common divisor of g and 12.
12
Suppose 0 = -3*f + 5 + 10. Calculate the highest common factor of 20 and f.
5
Suppose 0 = -5*o - 25 + 5. Let m be (-1)/4 - 25/o. Suppose -4*t = 0, -y + 5 + 4 = -2*t. Calculate the greatest common divisor of y and m.
3
Let w = 4 - 9. Let f be 1/w - (-183)/15. What is the greatest common divisor of f and 132?
12
Suppose -6*m = -4*m - 124. Calculate the greatest common divisor of 93 and m.
31
Suppose 1638 = 4*b + 9*b. What is the greatest common divisor of b and 18?
18
Suppose -4*z + z - 4*l = -32, 0 = l - 5. Suppose 70 = z*i + 14. Calculate the greatest common divisor of 28 and i.
14
Suppose 0 = -5*r + j + 1632, -4 = 2*j - 0*j. Let z = r - 83. Suppose g - z = -2*g. Calculate the greatest common divisor of g and 9.
9
Let n = 6 - 10. Let r be (-295)/(-20) - 1/n. Suppose -5*a = -i + 25, 5*i - 26 = -5*a + 219. Calculate the greatest common factor of r and i.
15
Let c(a) = -2*a - 7. Let w be c(-5). Let k = -107 - -116. Calculate the highest common divisor of w and k.
3
Suppose 5*a + 4*z - 95 = 0, -5*a + 6*a = 5*z + 48. Let u(v) = -4*v + 115. Let w be u(0). What is the highest common factor of a and w?
23
Let o be 1/(-1) - 48/(-2). Suppose -4*y + y + 28 = 4*j, 4 = y + 4*j. Let i = y - -11. What is the highest common divisor of i and o?
23
Let k(b) = 16*b - 11. Let u be k(6). Let a = -29 + u. Calculate the highest common divisor of 8 and a.
8
Suppose -2*n = 4*r - 90, 4*n - r + 0*r = 225. Let c = -4 - -15. Calculate the greatest common factor of c and n.
11
Let u be 9/9*(1 - -52). Let v be 2/(-8) - u/(-4). Calculate the highest common divisor of 117 and v.
13
Let x(m) = m**3 - 2*m**2 - 6*m + 6. Let d be x(4). Suppose 0 = 3*b + 5*f - 46, 10 = -3*b + f + 26. What is the greatest common factor of b and d?
7
Let v(x) = 21*x**2 - 3*x. Let g be v(2). Suppose 3*r - g = -5*q, -2*r + 1 + 27 = 2*q. Calculate the highest common divisor of 27 and q.
9
Let y(n) = n**3 - 4*n**2 + 5*n - 1. Let p be y(6). Let g be 4/10 + 456/10. Let d = p - g. What is the highest common factor of d and 11?
11
Suppose 0 = -0*u + 2*u - 4. Suppose 2*x = -4*s + 20, 6*s = u*s + 2*x + 20. What is the highest common factor of 1 and s?
1
Suppose -25 = -4*b - 9. Calculate the greatest common factor of b and 32.
4
Let p = 9 + 5. Calculate the highest common divisor of 7 and p.
7
Let o be ((-4)/(-3))/(6/9). What is the greatest common divisor of o and 4?
2
Suppose -2 = -4*p + 3*p. Suppose -2*y = -3*z - 9, y - p*z - 3*z + 13 = 0. Let l = 63 - 15. Calculate the highest common divisor of y and l.
12
Let k(v) = v - 1. Let t be k(3). Suppose 3*o + 4*b - 4 = 0, 5*o - o - t*b + 2 = 0. Suppose o = -5*z + 522 - 42. What is the greatest common factor of z and 12?
12
Suppose 5*g + 925 = 5*y, -4*y + y = 2*g - 530. Suppose -i + y = 2*i. What is the greatest common factor of 20 and i?
20
Suppose 8*h - 3*h = 5*c + 90, 0 = -5*h - c + 90. What is the highest common factor of h and 18?
18
Let j(n) = -6*n - 3. Let m be j(-5). Suppose -m - 23 = -5*b + 5*k, 2*k = -3*b + 5. Let w = -33 - -58. Calculate the greatest common factor of b and w.
5
Let q = -7 - -12. Suppose -q*y + 111 = 3*v, -5*y - 103 = -10*y + v. What is the highest common factor of y and 3?
3
Suppose -x = -4*o + 12, -5*x - 2*o + 25 = -5*o. Let k be 2/x - (-34)/(-8). Let w be k/(-10) + (-1190)/(-25). What is the greatest common divisor of 16 and w?
16
Let f = 79 - 39. Calculate the highest common divisor of f and 32.
8
Let i be (-7)/(7/30)*-1. Let u be i/(-4)*-6 + 0. What is the highest common factor of 30 and u?
15
Let d(x) = 2*x - 2. Let b be d(12). Calculate the highest common factor of 66 and b.
22
Suppose -4*f + 11 - 31 = 0. Let c = 31 + f. Calculate the highest common factor of 65 and c.
13
Let j(h) = h**3 - 3*h. Let r be j(3). What is the greatest common divisor of 18 and r?
18
Suppose 0 = -12*b - 36 + 120. Calculate the highest common factor of 56 and b.
7
Suppose -4*g - 2 = -18. Suppose 0 = 3*z - 4*w - 21, -g*z + 15 = 3*w - 4*w. Suppose -35 = -z*y + 85. Calculate the greatest common factor of 16 and y.
8
Suppose 4*p = 5*h + 8 - 1, -3*p + 44 = 4*h. Let t be (8/(-2))/(1/(-10)). What is the greatest common divisor of t and p?
8
Let i(y) = 11*y**3 - y**2. Let j be i(1). Let o be (7/3)/(3/9). Let k be o/2 - 12/(-8). Calculate the highest common divisor of j and k.
5
Let m(o) = o**2 + 4*o - 1. Let u be m(-4). Let s = 7 - u. Calculate the greatest common factor of s and 4.
4
Suppose -3*b + 12 = -0*b. Suppose -4*x + 3*g - 5*g = 0, -x - 2*g = 0. Suppose 2*h = b - x. What is the greatest common divisor of 18 and h?
2
Let j be (-1 - -3) + 19 + 1. What is the greatest common divisor of 2 and j?
2
Let x be (1104/(-4))/(-6) + -4. Let s(d) = -d**3 + 3*d**2 - 2*d + 3. Let w be s(-3). What is the highest common factor of x and w?
21
Suppose -4*t = -35 - 13. Let c(m) = m + 9. Let l be c(-6). What is the greatest common divisor of l a